1067 - j. What is the units digit of l?
5
Let r(h) = -14*h + 28. Let i be r(13). Suppose -2*b - 3*b + 1140 = -5*x, -x + 5*b = 212. Let a = i - x. What is the tens digit of a?
7
Let g be 3/2*(2 - -182). Suppose -348 - g = -13*l. What is the units digit of l?
8
Suppose -5*n - 981 = -5*c - 8586, -2*n - 4*c = -3012. Let r = n + 95. What is the thousands digit of r?
1
Let p(i) = 5*i - 2 + 2*i - 338*i**3 - 9*i + 3*i + 2*i**2. What is the units digit of p(-1)?
7
Let t(v) = 990*v + 9. What is the units digit of t(4)?
9
Let m(o) = o**2 + 2*o + 2. Suppose 10*a - 7*a - 45 = 0. Suppose 8*v + 1 = -a. What is the units digit of m(v)?
2
Suppose -w + 8*q = 4*q + 8, 2*w - 2*q - 2 = 0. Suppose -288 = 2*z + w*z. Let h = 57 + z. What is the units digit of h?
9
Suppose 13*k = -15*k + 3276. Suppose 5*z + k = 5377. What is the units digit of z?
2
Let o be (-1 - 31/(-2))*6. Let r = 89 - o. What is the tens digit of (5 + (-37)/r)/(2/(-8))?
5
Let q be 0/3 - ((0 - 3) + 834). Let v be (-7)/((-35)/15) - q. Suppose 5*h + 239 = v. What is the tens digit of h?
1
Let c be 806/286 + 4/22. Suppose -c*b - x - 259 + 3983 = 0, -3*x - 2501 = -2*b. What is the hundreds digit of b?
2
What is the units digit of (7345/25)/((-2)/(-20))?
8
Suppose 0 = 17*k - k - 30512. Suppose 0 = -10*t + k + 3953. What is the tens digit of t?
8
Suppose -2*f - 193 = 2*b - 579, 0 = -3*b - 4*f + 576. Let k be (b + -24)*1/2. Let p = -31 + k. What is the units digit of p?
5
Let i(f) be the third derivative of -f**5/60 + f**4/8 - 11*f**2. Let m be i(4). What is the tens digit of (-12)/m*(0 - -1) + 57?
6
Let i(g) = -g**2 + 36*g - 2. Let j be i(10). Let u = 435 - j. What is the units digit of u?
7
Let x be 3189*((-1)/3)/(-1). What is the units digit of (0 - 1)*-3 + x + 4?
0
Let p = -1518 + 5994. What is the hundreds digit of p?
4
Let h(d) = -12 + d**2 - 8 + 12 - 9*d. Let r be h(10). Suppose -25 = -5*v, -35 = -r*c - v + 44. What is the tens digit of c?
3
Suppose -p = d - 602, -450 - 1958 = -4*d + p. What is the hundreds digit of d?
6
Let n(w) = w**3 - 2*w**2 + 5*w - 7. Suppose -5*i - 15 = 5*v, 9 = v - 3*i - 8. Suppose -r = -5*r + v*q + 12, 15 = 5*r - 2*q. What is the units digit of n(r)?
7
Suppose -7*f + 179 = 74. What is the tens digit of ((-11200)/(-75))/(2/f)?
2
Let k = -162 - -135. What is the units digit of (-1 + k)/(2/(-46))?
4
Suppose 4*l + 12 = l. Let t be (-9750)/70 + l/(-14). Let o = -89 - t. What is the tens digit of o?
5
What is the ten thousands digit of -1918*((-1)/2)/((-9)/(-99))?
1
Suppose 5*y - 5 = 3*y + 3*c, 0 = 4*c - 4. Suppose y*k - 4*l - 700 = -2*l, 0 = -k + l + 175. What is the hundreds digit of k?
1
Let v(x) = 45*x**2 - 3*x + 848. What is the units digit of v(39)?
6
Let h be ((-32)/(-6))/1 - 10/(-15). Suppose 0 = 5*y - w - 50, h*y - y = -w + 40. Suppose 5*a + q + 436 = y*a, -3*a - 3*q = -342. What is the units digit of a?
0
Suppose 10034*u - 10019*u = 69315. What is the thousands digit of u?
4
Suppose 5*h - 4*p - 390069 = 0, -4*h + 4*p + 32902 = -279146. What is the tens digit of h?
2
Suppose 0 = 2*x + 3*i - 5*i - 14, 4*x + 2*i = -2. What is the tens digit of (-1149)/x*(-12)/18?
8
Let r(g) = 8*g - 40. Let b be r(17). Let p = b - -72. What is the tens digit of p?
6
Let a(p) be the second derivative of p**4/3 - 17*p**3/6 - 221*p**2 + 42*p. What is the thousands digit of a(-19)?
1
Suppose 1080 - 33 = -3*g. Let c be g/(-4) + 39/52. Suppose -c = -4*f + 3*f. What is the units digit of f?
8
What is the hundreds digit of (-5287415)/(-525) - 12/45?
0
Suppose -22*f = -33502 - 12302. What is the tens digit of f?
8
Let z(n) = -5*n + 10 + n**2 + 0*n - 9. Let s be z(4). What is the tens digit of s/(45/20)*-33?
4
Let y(i) = 112*i**3 + 46*i**2 - 265*i + 74. What is the thousands digit of y(7)?
8
Let y(q) = 93*q**2 + 74*q + 832. What is the ten thousands digit of y(-11)?
1
Let s(r) be the second derivative of 5*r**4/6 - r**3/3 - 31*r**2/2 + 2*r + 8. What is the hundreds digit of s(-6)?
3
Suppose 4*b + 7 = h - 15, -2*b - 6 = 2*h. Let p(y) = y**2 + 7*y + 7. Let w be p(b). What is the units digit of (4/(-6) - -4)*w/(-2)?
5
Let j(p) = -p**3 - 23*p**2 - p - 13. Let n be j(-23). Suppose n*s + 10 = -0*s. What is the units digit of (-5)/5 - -50 - s?
0
Let b be (2 + 657)/((-2)/(-16)). What is the tens digit of ((-23)/(-184))/(1/b)?
5
Let q(z) = 174*z**2 - 16*z - 55. What is the thousands digit of q(-8)?
1
Suppose -3*g - 686 = -1907. Suppose -6*w - g = -1811. What is the hundreds digit of w?
2
Suppose -2*i = 3326*d - 3327*d - 30364, -2*d = -16. What is the units digit of i?
6
Let m(d) = d**3 - 7*d**2 + 35. Let n(i) = -2*i**3 + 15*i**2 + 2*i - 69. Let x(p) = 5*m(p) + 2*n(p). What is the thousands digit of x(12)?
1
Let h(b) = -127*b + 5. Let y be h(-9). Suppose -y = -7*i + 6839. What is the thousands digit of i?
1
Let p be ((-20)/2)/(9 - 11). Let q(f) = 32*f + 357. Let m be q(-8). Suppose -3*l + u = -m, -p*l - 5*u - 63 = -7*l. What is the units digit of l?
4
Let l be 8338/8 + (-11)/44. Suppose 0 = q - 4*v + l, -9*q + 5*q - 4134 = v. What is the units digit of ((-1)/(-2))/((-11)/q)?
7
Suppose 3*i - 32176 = -5*o, 16*o - 13*o - 19300 = i. What is the units digit of o?
4
Let u(n) = n**2 - 17*n + 22. Suppose -8*x + 7*x + 15 = 0. Let c be u(x). Let z(w) = w**2 + 3*w + 19. What is the tens digit of z(c)?
5
Suppose -10994 = -7*n - 4863 + 42554. What is the tens digit of n?
5
Let q be 2/3 - (-91)/39. Suppose 480 = 5*n - 4*b, -n - q*b + 77 = -0*b. What is the units digit of n - (-1 + 3 + -1)*-1?
3
Let r(t) = t**3 - 41*t**2 - 42*t - 1. Let j be r(42). What is the units digit of (j - 2)/(111/(-26566))?
8
Let i(m) = 4*m**2 + 13*m + 3. Let q(o) = -4*o**2 - 13*o - 3. Let p(h) = -3*i(h) - 4*q(h). Let s be p(-3). What is the tens digit of (-5)/(1/(-9) - s)?
4
Let c(p) = 158*p**2 + 22*p - 94. Let k be c(5). Suppose -47*t - k = -53*t. What is the units digit of t?
1
Let g(b) = -19429*b**3 - b**2 - 9*b - 9. What is the thousands digit of g(-1)?
9
Let t(x) be the second derivative of x**5/120 + 7*x**4/12 - 5*x**3/6 + 15*x. Let h(z) be the second derivative of t(z). What is the units digit of h(8)?
2
Let i = -38 + 41. Let s be (0 + 1/((-15)/(-20)))*3. Suppose g - s*a = 146, -i*a - 462 = -3*g + a. What is the hundreds digit of g?
1
Let a(t) = 1. Let q(s) = 4*s + 53. Let z(j) = -a(j) - q(j). Let w be z(-17). What is the units digit of (567/w)/(1/2)?
1
Let l(q) = -3*q**2 + q - 10. Let n be l(-4). Let x = -62 - n. Suppose 2*i - 3*b - 479 = x, -1226 = -14*i + 9*i - 2*b. What is the hundreds digit of i?
2
Suppose 0 = -12*o + 8*o - 8. Let s be (-7301)/(-21) + o/3. Let l = -226 + s. What is the units digit of l?
1
Let t be (-1 - -5)*9/(15 - 6). Suppose -4*s = -m - m - 12, -t*m = -s - 11. Suppose -p - h + 33 = 2*h, 4*p - 166 = s*h. What is the units digit of p?
9
Let s(p) = -20*p**2 + 5*p + 3. Let r be s(-2). Let t be (2/(-6) + -1)*r. Suppose -4*x + w + 3*w = -t, -5*x = -w - 129. What is the tens digit of x?
2
Let w = -197 - -130. Let s = w - -143. What is the tens digit of s?
7
Let f be (4132/8)/(6 - 22/4). Suppose -5*r - f - 847 = -4*u, -4*u + 1864 = -r. What is the hundreds digit of u?
4
Suppose 0 = 14*t - 2*t - 64431 - 8289. What is the thousands digit of t?
6
Let v(m) = -m + 5. Let x be v(-6). Let t = 9 - x. What is the units digit of (-3 - t) + 4 - -22?
5
Let t(l) = 7*l**2 + 4*l - 807. What is the tens digit of t(29)?
9
Suppose 0 = 3*s - 6*c + 2*c - 38, 5*c - 40 = -5*s. Let n = s - 54. What is the units digit of (-3 - -3)/(-1) - n?
4
Let w(j) = 14*j - 1205*j**3 - 4*j**2 - 22 - 5*j**2 + 1204*j**3. Let v = -47 + 36. What is the units digit of w(v)?
6
Let y = 462 - 276. Suppose -5*f - 5*w - 39 = y, -w = -2*f - 105. Let u = 21 - f. What is the tens digit of u?
7
Let v = -65 + 93. Suppose 64*u - 60*u = v. Suppose -2*l - 775 = -u*l. What is the hundreds digit of l?
1
Suppose -1624185 = -154*i - 1440746 + 2790147. What is the tens digit of i?
0
Let z(y) be the third derivative of 29*y**5/6 - y**4/24 - 2*y**3/3 + 4*y**2 + 14*y. What is the tens digit of z(2)?
5
Let k = 29 + -65. What is the tens digit of 0 - 13688/k - (-18)/(-81)?
8
Suppose -q - 133565 = -5*m, -2*q - 26713 = 10*m - 11*m. What is the tens digit of m?
1
Let h = 54 - 36. Suppose o - 7*o = -h. What is the units digit of (6/9)/(-2*o/(-477))?
3
Let v = 128 - 120. Suppose 4*u = 16, -2*